*2 - 234*g - 24. What is r(11)?
64
Let n(l) = -2709*l - 18976. Calculate n(-7).
-13
Let u(n) = -2*n**3 + 15*n**2 - 18*n + 30. Determine u(6).
30
Let b(c) = 2*c**3 + 6*c**2 - 55*c + 10. Calculate b(-7).
3
Let x(l) = -3*l - 14. Calculate x(1).
-17
Let p(m) = -m**3 + 106*m**2 - 2*m + 228. Determine p(106).
16
Let v(i) = -3*i**3 + 106*i**2 + 76*i - 117. Give v(36).
27
Let r(d) = -283*d - 20087. Calculate r(-71).
6
Let j(x) = -7*x**2 - 163*x - 77. Give j(-23).
-31
Let b(s) = -4*s**3 + 100*s**2 - s + 38. Give b(25).
13
Let s(r) = -83*r + 1418. Give s(17).
7
Let s(g) = -9*g**3 + g**2 + 18*g + 16. What is s(-1)?
8
Let g(d) = d**2 - 7*d - 16. What is g(-10)?
154
Let g(y) = -156*y + 22. Calculate g(0).
22
Let v(j) = -679*j - 139. What is v(-1)?
540
Let p(d) = 151*d - 762. Give p(5).
-7
Let k(i) = 16*i**2 - 637*i + 528. Determine k(39).
21
Let l(z) = 3*z + 130. Determine l(-45).
-5
Let b(u) = -18*u + 234. Calculate b(13).
0
Let d(f) = -f**3 - 7*f**2 + 29*f + 4. What is d(6)?
-290
Let t(x) = 2*x**3 - 28*x**2 - 49*x + 273. Give t(15).
-12
Let c(f) = -212*f + 4877. Give c(23).
1
Let b(f) = 93*f + 173. Calculate b(-3).
-106
Let h(x) = 25*x**2 - 543*x + 59. What is h(22)?
213
Let l(d) = -5*d**3 - 844*d**2 + 172*d + 498. Calculate l(-169).
-9
Let p(q) = 527*q - 17387. Give p(33).
4
Let n(m) = 102*m + 56. Determine n(-4).
-352
Let k(q) = -q**3 + 20*q**2 - 8*q + 131. Give k(20).
-29
Let s(b) = 6*b**3 - 2*b**2 - b + 2. Calculate s(-2).
-52
Let p(c) = 3*c**2 - 61*c + 4. Give p(18).
-122
Let x(z) = -39*z**2 + 261*z - 204. Give x(6).
-42
Let u(y) = -580*y + 6956. Calculate u(12).
-4
Let u(x) = -14*x**2 + 9*x - 6. Give u(-5).
-401
Let q(k) = 165*k - 1178. Calculate q(7).
-23
Let d(w) = -w**3 + 454*w**2 + 4167*w - 7. Determine d(-9).
-7
Let k(y) = 77*y - 2. Determine k(0).
-2
Let o(w) = w**3 + 14*w**2 + 6*w - 223. What is o(-12)?
-7
Let n(z) = 100*z + 12690. Determine n(-127).
-10
Let n(q) = q**2 - 20*q - 531. Give n(35).
-6
Let t(h) = h**2 + 138*h - 9898. Calculate t(52).
-18
Let h(r) = -r**3 - 50*r**2 + 39*r - 600. Give h(-51).
12
Let h(s) = 88*s + 1845. What is h(-21)?
-3
Let y(h) = -h**2 - 54*h - 684. Give y(-35).
-19
Let l(t) = -t**3 - 177*t**2 - 26*t - 4593. Determine l(-177).
9
Let j(t) = 398*t + 14726. Give j(-37).
0
Let f(l) = 4*l**2 - 2*l - 8. Determine f(0).
-8
Let q(r) = 154*r - 19257. Give q(125).
-7
Let p(b) = 18*b**2 - 48*b - 19. Give p(4).
77
Let i(d) = 82*d**3 - 6*d**2 + 3*d - 1. What is i(1)?
78
Let l(b) = -b**3 + 64*b**2 - 10*b + 685. What is l(64)?
45
Let c(a) = -a**2 + a - 35. Determine c(14).
-217
Let a(v) = 5*v**3 + 26*v**2 - 22*v - 1. Calculate a(-5).
134
Let c(r) = 365*r**2 + 61*r + 63. Give c(-1).
367
Let g(m) = -m**2 + 8*m + 8. Calculate g(16).
-120
Let n(b) = -83*b + 157. What is n(8)?
-507
Let x(k) = -41*k**3 - 5*k**2 + 11*k - 11. Determine x(2).
-337
Let p(s) = s**3 + 7*s**2 - 191*s - 353. Calculate p(-17).
4
Let u(p) = 36*p**3 + p**2 + 5*p + 6. Give u(0).
6
Let n(c) = 43*c - 733. Determine n(19).
84
Let i(t) = 896*t + 3629. Calculate i(-4).
45
Let o(m) = 2*m**2 + m + 13. Give o(5).
68
Let t(y) = -y**3 - 10*y - 24. What is t(-3)?
33
Let k(m) = -81*m + 219. What is k(9)?
-510
Let h(o) = 55*o**2 - 1040*o - 34. What is h(19)?
61
Let y(p) = -216*p**3 + p**2 - 19*p + 17. Give y(1).
-217
Let c(f) = -782*f - 4068. Calculate c(-5).
-158
Let x(q) = 5*q**3 - 306*q**2 + 62*q + 52. Calculate x(61).
113
Let m(o) = 154*o**2 - 1245*o + 117. Calculate m(8).
13
Let q(t) = -115*t - 786. Calculate q(-8).
134
Let o(a) = 2*a**3 - 15*a**2 - 8*a - 11. Determine o(7).
-116
Let g(m) = 87*m + 12. Give g(-2).
-162
Let m(p) = 6*p**2 - 60*p - 160. Calculate m(12).
-16
Let j(k) = -3*k**2 - 77*k + 198. Calculate j(-28).
2
Let g(j) = -j**3 + 14*j**2 + 158*j + 69. Calculate g(-7).
-8
Let p(v) = -716*v + 8551. Determine p(12).
-41
Let a(u) = -u**3 - 21*u**2 - 75*u + 80. Determine a(-16).
0
Let o(m) = 5033*m + 25172. Determine o(-5).
7
Let l(o) = 161*o - 3076. Give l(19).
-17
Let d(l) = -36*l + 153. Give d(10).
-207
Let m(i) = -214*i + 3201. Determine m(15).
-9
Let p(q) = 77*q. What is p(0)?
0
Let j(s) = -28*s - 231. Calculate j(-5).
-91
Let a(k) = -4*k**3 + 53*k**2 - 15*k + 16. Calculate a(13).
-10
Let h(k) = -k**3 + 48*k**2 + 43*k + 348. Calculate h(49).
54
Let j(s) = 22*s**2 + 601*s + 153. Give j(-27).
-36
Let a(s) = -s**3 + 130*s**2 + 253*s + 1456. Calculate a(132).
4
Let o(u) = -5*u**2 + 61*u - 35. Determine o(14).
-161
Let m(v) = v**3 + 8*v**2 - 10*v - 21. Determine m(-10).
-121
Let m(o) = -o**2 - 21*o - 356. Determine m(-12).
-248
Let d(f) = 251*f + 31. What is d(0)?
31
Let q(t) = 84*t + 7045. Determine q(-84).
-11
Let s(z) = -24773*z - 24774. What is s(-1)?
-1
Let i(h) = -29*h - 431. Determine i(-13).
-54
Let y(g) = -g**3 - 33*g**2 - 162*g + 149. Give y(-7).
9
Let g(h) = 2*h**3 - 6*h**2 - 11*h + 52. What is g(3)?
19
Let d(q) = -q**3 + 14*q**2 - 33*q + 81. Determine d(13).
-179
Let l(f) = 5*f**3 - 19*f**2 + 3*f - 47. Determine l(4).
-19
Let z(n) = 106*n + 707. Calculate z(-7).
-35
Let p(t) = -t**3 - 10*t**2 + 13*t - 136. What is p(-12)?
-4
Let p(s) = -70*s + 1859. Calculate p(27).
-31
Let i(r) = -r**2 + 16*r - 184. Calculate i(7).
-121
Let x(k) = -k**3 + 36*k**2 + 38*k - 28. Calculate x(37).
9
Let t(u) = u**2 + 10*u - 15. Determine t(-12).
9
Let g(t) = t**3 - 2*t**2 - 9*t - 17. Calculate g(4).
-21
Let g(r) = -16*r**2 + 98*r - 24. Determine g(6).
-12
Let z(t) = 27*t - 236. Give z(10).
34
Let b(j) = 455*j + 11831. What is b(-26)?
1
Let w(x) = -3*x**2 - 113*x - 288. Calculate w(-35).
-8
Let x(c) = -4*c**2 - 344*c + 6532. Calculate x(-102).
4
Let o(s) = 350*s + 24842. Determine o(-71).
-8
Let k(i) = -i**2 - 208*i - 4578. Give k(-183).
-3
Let u(j) = -4*j**2 - 143*j - 391. Calculate u(-33).
-28
Let k(o) = 2*o**2 + 20*o + 27. What is k(-10)?
27
Let h(t) = -t**2 + 7*t + 125. Determine h(-8).
5
Let d(x) = 2*x**2 + 93*x + 257. Give d(-49).
502
Let q(r) = -r**3 + 13*r**2 + 65*r - 412. Determine q(15).
113
Let d(p) = -40*p - 4351. Determine d(-112).
129
Let v(k) = 201*k - 401. Determine v(2).
1
Let h(v) = 2*v + 93. Determine h(-34).
25
Let m(r) = -r**2 + 166*r - 955. Calculate m(6).
5
Let z(b) = b**2 + 175*b + 7249. Determine z(-67).
13
Let f(s) = 4*s**3 - 256*s**2 - 286*s + 1683. Give f(65).
-7
Let v(j) = -30*j - 333. Give v(-12).
27
Let x(c) = -3*c**2 - 31*c - 82. Determine x(-12).
-142
Let h(g) = -2*g**2 + 38*g + 179. What is h(23)?
-5
Let x(u) = -2*u**2 + 114*u + 893. Determine x(64).
-3
Let w(l) = l**3 + 105*l**2 + 1273*l - 97. Give w(-91).
-6
Let c(g) = 14*g - 207. Calculate c(10).
-67
Let s(m) = -2*m**2 - 98*m - 1003. What is s(-17)?
85
Let l(j) = j**3 - 80*j**2 - 85*j + 312. What is l(81)?
-12
Let c(g) = -65*g - 2195. What is c(-34)?
15
Let l(i) = i**2 - 116*i + 3256. Calculate l(48).
-8
Let m(v) = 4*v**2 - 49*v - 40. What is m(15)?
125
Let r(k) = 205*k**3 + 20*k**2 + 25*k + 4. Give r(-1).
-206
Let g(y) = y**3 - 9*y**2 - 11*y - 36. Give g(9).
-135
Let x(v) = -77*v - 446. Calculate x(-6).
16
Let z(p) = p**3 - 29*p**2 - 51*p + 13. What is z(-2)?
-9
Let i(z) = -5*z**2 + 92*z - 93. Calculate i(1).
-6
Let j(o) = -o**3 - 136*o**2 - 1485*o + 380. Give j(-124).
8
Let d(s) = s**3 - 29*s**2 - 26*s - 97. What is d(30)?
23
Let g(k) = -4*k - 327. Determine g(-72).
-39
Let s(n) = 13*n - 637. What is s(14)?
-455
Let y(k) = -9*k - 136. Calculate y(-16).
8
Let c(y) = 23*y - 434. Determine c(16).
-66
Let f(t) = 5*t**2 - 14*t + 77. Determine f(6).
173
Let q(z) = -6*z**2 + 96*z + 19. Determine q(16).
19
Let n(l) = 6*l**2 - 53*l + 200. What is n(4)?
84
Let h(l) = -32*l - 53. Determine h(-8).
203
Let l(n) = 24*n - 106. What is l(5)?
14
Let l(t) = -7*t**3 - 485*t**2 - 165*t - 1881. Determine l(-69).
-18
Let o(c) = -c**3 + 14*c + 54. Calculate o(-4).
62
Let p(n) = 59*n - 76. What is p(1)?
-17
Let g(l) = -3*l**2 + 63*l - 169. Determine g(18).
-7
Let g(l) = -2*l**3 + 98*l**2 - 3*l + 243. What is g(49)?
96
Let w(v) = -2644*v - 74015. Give w(-28).
17
Let w(o) = 18*o + 135. Give w(-7).
9
Let o(h) = -h**3 + 15*h**2 - 65*h + 190. Give o(10).
40
Let k(f) = -149*f**3 - f. Determine k(-1).
150
Let d(c) = 457*c - 1821. Calculate d(4).
7
Let o(p) = -p**2 - 8*p + 244. Calculate o(9).
91
Let b(j) = -15*j**3 + 9*j**2 - 20*j - 24. Calculate b(-1).
20
Let u(i) = -33*i**2 - 5*i - 4. What is u(-1)?
-32
Let 